mmon factor of 189 and h?
27
Suppose 0 = v - 0 - 5. Suppose 5*x = 17 - 2, -2*i + 317 = -x. Suppose i = 14*z - 470. What is the highest common divisor of z and v?
5
Let w be 8/36 + 804/27. Let v = 0 + 3. Suppose 8 = u + 2*x, 3*u - x - v = 28. What is the highest common factor of u and w?
10
Let g(f) = -f**3 - 6. Let u be g(-4). Let a = u - 58. Suppose 0 = -a*b - 2*b - 3*p + 302, 10 = -5*p. Calculate the highest common divisor of 14 and b.
14
Suppose -58*s = -798 - 3146. What is the greatest common factor of s and 8228?
68
Suppose -f + 11 = -2*r, -6*f + 2*f + 20 = -2*r. Let i be (-1 + -4 + 2)/(r/16). Calculate the highest common factor of 192 and i.
12
Let g be ((-12)/(-240))/(105/(-168)) + (-704)/(-50). Calculate the greatest common divisor of g and 180.
2
Let p = -1 - -3. Suppose -36 = 3*f - 12*f. Suppose -22 = f*i - 5*i. Calculate the highest common factor of i and p.
2
Let g(z) = -36*z + 162. Let a be g(-38). What is the highest common divisor of 450 and a?
90
Suppose 18672 = 52*z - 28*z. Suppose -4314 = -13*u - z. Let i = 60 - 26. Calculate the highest common divisor of u and i.
34
Let j(m) = 3*m + 134. Let u be j(-23). Suppose 0 = z + 20 - u. Calculate the highest common divisor of z and 765.
45
Suppose -2*m + 417 = -153. Calculate the highest common factor of 3040 and m.
95
Suppose 5078*j + 93 = 5109*j. What is the highest common factor of 393 and j?
3
Let q(b) be the third derivative of -b**4/2 - 15*b**3 + 70*b**2. Let k be q(-10). Suppose 3*j - 27 - 18 = 0. Calculate the greatest common factor of j and k.
15
Suppose 3*z = -5*h + 1633, z - 2733 = -4*z + 3*h. Let g = z - 521. Calculate the highest common divisor of g and 5.
5
Suppose 47*i - 49*i + 11872 = -2*z, 2*z - 5948 = -i. Calculate the highest common divisor of 108 and i.
108
Let n be ((-4)/4)/(531/133 + -4). Suppose 0 = l + 4*l - 15. Suppose 5*y - y = -3*u + n, -5*u = -l*y + 78. Calculate the highest common factor of y and 248.
31
Let a = -21 - 38. Let g = a - -123. What is the highest common factor of g and 32?
32
Let j = 75 - 73. Suppose 0 = -j*a - 6, 3*p + 6*a - 3*a - 18 = 0. Let t(h) = 52*h - 17. Let r be t(p). What is the highest common factor of 41 and r?
41
Let i(t) = 109*t**3 + 1. Let b be i(-1). Let s be b/(8/(-2)) - 1. Let f be 0 + 76 + ((-4)/(-1) - 2). Calculate the highest common factor of f and s.
26
Let n(o) = o**2 - 21*o - 2623. Let y be n(-43). Calculate the greatest common factor of y and 903.
129
Let r = 67561 + -10126. Calculate the greatest common divisor of 105 and r.
105
Let g = -30168 + 30408. Calculate the greatest common divisor of 208 and g.
16
Let z be 0/((-5)/((-5)/4)). Suppose -v + z*v + 2*f = -1, 5*f = -2*v + 20. Suppose -6*h = -v*h - 24. What is the highest common divisor of h and 24?
24
Let p be 25/(-1)*-3 - 0. Let i(w) = -3*w**2 + 33*w - 24. Let x be i(4). Let g = p - x. Calculate the highest common divisor of g and 15.
15
Let r be 1/(2/8 + (-8319)/6656 - -1). Calculate the highest common factor of 52 and r.
52
Let z = 22567 + -22557. Let m(c) = c**2 + 7*c + 2. Let i be m(-6). Let b be (40/i)/((-2)/4). What is the highest common factor of z and b?
10
Suppose -3*g - 914 = -2*s, 437*s - 440*s + 3*g + 1383 = 0. Calculate the greatest common factor of s and 2144.
67
Let x(j) = -37*j - 156. Let a be x(-13). Suppose 0 = 57*d - 32*d - a. Calculate the greatest common divisor of 273 and d.
13
Let x be 8 - 2 - (5 + (-24)/12). What is the highest common factor of x and 6459?
3
Let o = -295 + 230. Let k be (-9)/(3 + 5/o + -3). Calculate the greatest common divisor of 39 and k.
39
Let h(n) = 745*n - 950. Let g be h(59). Calculate the greatest common factor of 15 and g.
15
Suppose 0 = -116*p + 490282 + 628190. Calculate the greatest common divisor of 18 and p.
6
Let a = -219 - -247. Suppose 0 = -4*r + 8, -9*t = -11*t + r + a. Calculate the highest common divisor of 10 and t.
5
Let t(y) = -3*y + 77. Let j be t(12). Suppose j*q - 30 = 38*q. What is the highest common factor of q and 170?
10
Let g = 157 + -175. Let d be (g/(-27) - 0) + (-188)/(-6). What is the greatest common factor of d and 176?
16
Suppose -d = 4*d - 150. Suppose -25 - 7 = -8*u. Suppose f - 4*s = 32, 8*f - 4*f - 104 = u*s. Calculate the greatest common factor of f and d.
6
Suppose -21778 = -17*r - 39*n + 38*n, r = 3*n + 1278. Calculate the highest common factor of r and 91.
7
Suppose 5*k = 2*k + 9, 3*k + 13 = -n. Let p(v) = v**2 - 4*v + 9. Let d be p(7). Let r = d + n. Calculate the highest common divisor of 8 and r.
8
Let x = -3 + 6. Suppose -x*y + 362 = -310. Suppose 2*p - 40 = -4*j, -24 = -5*p - 4*j + 100. What is the highest common divisor of p and y?
28
Let w be (1 - (-1 - -41))*2. Let v be (-1 - -4)/((-9)/w) + 0. Calculate the greatest common divisor of v and 208.
26
Let q be (1 - (-393)/12) + 72/288 + -3. Calculate the highest common divisor of q and 37.
1
Let n = -10124 - -14429. Calculate the greatest common factor of 1353 and n.
123
Suppose 10*s - 5*s - 150 = 0. Let l be 57/12 + 30/(-40). Suppose l*r = 7*r - 270. Calculate the highest common factor of s and r.
30
Let j = 52 - 241. Let z = j + 201. Calculate the greatest common factor of 12 and z.
12
Let j be 6/(-2)*(52/6)/13. Let d(v) = v**2 + 15*v + 30. Let s be d(j). What is the highest common divisor of s and 28?
4
Let r(d) = d**2 - 2*d + 19. Let j be r(-14). Let c = -34 - -33. Let z be 945/(-42)*c/((-5)/(-6)). Calculate the highest common divisor of j and z.
27
Let l be 3/(132/60 + -2*1). Suppose 4*w = 291 + 209. What is the greatest common divisor of w and l?
5
Let p be 1*(-6 - (-12 + -1)). Let c = p + 32. What is the greatest common factor of c and 65?
13
Let r = -27 + 30. Suppose -r*n = -5*t + 156, 0 = -t - 2*n + 6 + 20. Suppose 239*o = 311*o - 17280. Calculate the greatest common divisor of t and o.
30
Suppose 15 = -3*d, 5*u - d = -0*d + 11525. Suppose -2*p = -4*k + u, -3*k + 11*p - 13*p + 1728 = 0. What is the highest common factor of 64 and k?
64
Let n be (-1185)/(-3) - -2 - -6. Let u = 1041 - n. What is the highest common factor of 22 and u?
22
Let p(b) = b**2 + 16*b - 6. Let y be -2 + (-7)/(-5) + 668/(-20). Let a be y/(-2 + 3 + 1). Let w be p(a). What is the highest common divisor of 77 and w?
11
Suppose 4*z = 784 - 772. Let w = 94 + 48. Suppose 2*j + z*j = -4*c + w, -5*c + j + 163 = 0. What is the highest common factor of c and 264?
33
Let p be 10*(112/5 + (-5 - -7)). Let c = p + -232. What is the highest common factor of c and 108?
12
Let l(y) = y**2 + 33*y + 59. Let v be l(13). Calculate the highest common divisor of 39 and v.
3
Suppose 213*f + 2984 = 209*f. Let y = -424 - f. What is the greatest common divisor of y and 23?
23
Let v = -23 - -32. Suppose -3*z = -5*c - 52, 4*z + 7*c - v*c = 46. Let h be 1 + 24/(-3 + 6). Calculate the highest common divisor of z and h.
9
Suppose -2*n + 2 = 0, -144 = 4*m + 3*n - 23. Let b = 19 - m. What is the highest common divisor of b and 20?
10
Suppose t = 2*q - 2*t - 437, 879 = 4*q - 5*t. Let k = 75 - -61. Let b = q - k. What is the greatest common divisor of b and 18?
18
Suppose 193 = 5*o + 5*o - 147. Calculate the greatest common factor of o and 1819.
17
Let t be (-7)/(-14) - 19/(-2). Suppose 10*m = -2*m + 84. Suppose -3*x + 9 = 3*l, 2*x = l + m - 16. What is the greatest common divisor of l and t?
5
Let m be 16/(-112) - (-1410)/21. Let k = m + 493. Calculate the highest common divisor of k and 35.
35
Suppose 4*x - 555 = 159 + 2550. Calculate the greatest common divisor of x and 528.
48
Suppose 0*b - 440 = -2*b. Let r be (1 + (-14)/5)/(3/(-5)). Suppose -r*l + 13*l - 220 = 0. What is the highest common factor of b and l?
22
Suppose 0 = -f - 2*f + 6. Suppose 24*p - 29*p - 6 = -3*b, 1 = -2*b + 5*p. Calculate the greatest common factor of f and b.
1
Let s = 731 + -39. Let j = s - 282. What is the highest common factor of 40 and j?
10
Let c be (30/1)/((-12)/(-8)). Suppose 2*h - c = -2*z, 6 = z + 5*h - 0*h. What is the highest common factor of 99 and z?
11
Suppose -4*t = -4*r - 317 + 29, -5*r = -3*t + 228. What is the highest common factor of 242 and t?
22
Let w = 42 + 173. Let d = w - 174. Let n be 246/(-2)*3/(-9). What is the greatest common divisor of n and d?
41
Let m(b) = 3*b**2 - 205*b - 42. Let q be m(69). What is the highest common divisor of q and 624?
48
Let y be 312930/270 - (